Let h = 73 - m. Let u = -15 + h. What is the units digit of u?
3
Let g(r) = 100*r**2 - 38*r + 71. What is the thousands digit of g(-5)?
2
Let l be 843 + -3 + 7 + -1. Suppose -769 = -5*t + l. What is the tens digit of t?
2
Let c(x) = 2*x**3 + 78*x**2 - 10*x - 90. What is the tens digit of c(-30)?
1
Let z(q) = 44*q + 6. Let d = -81 + 97. Suppose -w = -5*u + 21, u + 2*w = d - 3. What is the units digit of z(u)?
6
Let p(z) = 34*z**3 + 7 + 35*z**3 + 2 - z**2 - 68*z**3 - 8*z. What is the units digit of p(7)?
7
Suppose -5*q - 12*z = -13*z - 52643, -z = -3*q + 31587. What is the tens digit of q?
2
Let l(m) = -441*m + 43. Let i be l(-6). Let x = -1217 + i. What is the units digit of x?
2
Let s(o) = 9*o - 8. Let u be s(6). Let a(v) = v**3 + 9*v**2 + 10*v + 20. Let f be a(-6). Let l = f - u. What is the tens digit of l?
2
Let x be ((-2)/(-7))/((-2)/(-14)). Let t(p) = 2 - 12 - 20*p + 8*p + 7*p**x. What is the hundreds digit of t(5)?
1
Let t(k) = 23*k**2 + k + 5. Let a be t(-3). Let x = 422 - a. Let r = -118 + x. What is the units digit of r?
5
Suppose 165*g - 68145 = 160*g. What is the thousands digit of g?
3
Let v(x) = x**3 + 46*x**2 - 80*x + 106. Let t be v(-47). Let l = t + -477. What is the hundreds digit of l?
1
Suppose 0 = -31*z + 24*z + 47*z - 792200. What is the ten thousands digit of z?
1
What is the hundreds digit of (112 - 100) + (15166 - -1)?
1
Let i(k) = k**3 + 4*k - 57 + 64 + 2*k**3 - 10*k**2 - 2*k**3. What is the units digit of i(11)?
2
Let y(n) = 11*n - 66. Let j = 76 - 70. Let x be y(j). Suppose -v = x, -f - 11*v + 7*v = -100. What is the units digit of f?
0
Suppose 0 = -136*z + 142*z - 14022. Suppose 3474 = 13*l - z. What is the units digit of l?
7
Suppose 5 = 4*v - 11. Suppose -x + v*q + 11 = -2, 0 = 4*x - q - 127. What is the tens digit of x?
3
Let u(g) = 14*g**2 - 61*g + 903. What is the tens digit of u(25)?
2
Let q = 835 - 1343. Let o = -386 - q. What is the units digit of o?
2
Let r(n) = -3*n**3 + 271*n**2 - 82*n - 18. What is the tens digit of r(90)?
0
Suppose -13*q = -8*q - 20. Suppose n - 6*n - 5*p = -25, 0 = q*n + 3*p - 24. What is the tens digit of (-4)/10*(n - 129)?
4
Let l = 12548 - 5511. What is the units digit of l?
7
Suppose -j + 8113 = 3*a, -3*j + 4*a - 32412 = -7*j. What is the thousands digit of j?
8
What is the units digit of ((-485595)/(-3))/5 + 1*-7?
6
Let z = 37169 - 2455. What is the thousands digit of z?
4
Let u = -18986 - -30914. What is the tens digit of u?
2
Suppose -38*x + 40*x = 10. Suppose 4*s = 5*k - 1832, x*s - 1850 = -6*k + k. What is the tens digit of k?
6
Let c = 570 + -577. Let t(b) be the third derivative of b**5/60 + b**4/8 + b**3/6 - 2*b**2. What is the units digit of t(c)?
9
Let a be 3/1 - (-14 + 6). Suppose -2*n - 5 = -7*n - 5*u, 3*n + u = a. Suppose n*k - 176 = -2*b, -70 = b - 2*b + 2*k. What is the units digit of b?
8
Suppose 3*k + 392 - 1460 = 3*o, -k = 2*o + 718. Let r = -129 - o. What is the tens digit of r?
2
Let t be (-3 + -4 + 11)/1. Suppose 6*b + t = 2*b, n + 3*b - 283 = 0. Suppose -s - 114 = -n. What is the tens digit of s?
7
Let v = 22316 - 5985. What is the ten thousands digit of v?
1
Let j = 2501 + -709. What is the tens digit of j?
9
What is the units digit of 43/(1935/319090) - 2/(-18)?
1
Let r(c) = c**3 - 8*c**2 - 10*c + 13. Let b be r(9). Suppose 4*l + 23 = 7, -b*x + 4*l + 1112 = 0. What is the tens digit of x?
7
Let f(l) = -130*l**2 - 9*l - 21. Let i be f(-2). Let p = i - -1727. What is the hundreds digit of p?
2
Let t(k) = -k**3 - 10*k**2 - 8*k + 8. Let h be t(-9). Let g be h - (3/6)/(4/(-8)). Suppose -5*i = -g*i - 1025. What is the units digit of i?
5
Let y = 450 + -454. What is the units digit of 6132/7 - (y - 2)?
2
Suppose -b = -4*z - 50, 5*z - 2*b = 7*z + 30. Let s(u) = -u - 12. Let y be s(z). Let g(f) = 111*f - 1. What is the hundreds digit of g(y)?
1
Let n(h) = -h**2 + 8*h - 1. Let i be n(4). Suppose 0 = i*a - 11*a - 208. Suppose -v = -85 - a. What is the units digit of v?
7
Suppose 33*y + 223506 = 83*y - 32*y. What is the hundreds digit of y?
4
Let n(v) = -12*v + 13. Let s be n(4). Let g = 31 + s. Let r = g - -38. What is the tens digit of r?
3
Suppose 3*j = -5*k + 12026, -23*k + 5*j + 7236 = -20*k. What is the tens digit of k?
0
What is the thousands digit of (-558328)/(-72) + (-100)/(-225)?
7
Let v(u) = 17*u**2 + 58*u + 131. What is the tens digit of v(-46)?
3
Let w(m) = 84*m + 2770. What is the hundreds digit of w(77)?
2
Suppose 13 = 5*k + 3. Suppose -6*y - 2*r = -9*y + 574, -4*y + 742 = k*r. Suppose 0 = 2*o - 0*o - y. What is the tens digit of o?
9
Let v be ((-6)/4)/((-8)/960*4). Let q(b) = b**3 - 45*b**2 + 30*b - 54. What is the hundreds digit of q(v)?
2
Let n(p) = -543*p + 9. Let b be n(1). Let d = b - -894. What is the tens digit of d?
6
Let o = -263 - -414. Let v = o + 97. What is the units digit of v?
8
Let q be (-1 + 3 + -1)*1241. Suppose 8*y + q = -623. Let s = y + 393. What is the tens digit of s?
6
Suppose -30 = 5*g - 5*x - 10, 13 = -2*g + 3*x. What is the tens digit of 10*(-83)/(g + -2)?
3
Suppose 10036 - 82 = n + 2*b, n + 4*b - 9966 = 0. What is the units digit of n?
2
Let f(j) = 272*j**2 + 22*j. What is the tens digit of f(7)?
8
Let p = 1864 + 356. What is the units digit of p?
0
Let o(k) = 2*k**3 + 6*k**2 - 8*k - 9. Let g be o(-5). Let h = -63 - g. Suppose h*i - 385 = 2*i - a, 4*i + 5*a - 405 = 0. What is the tens digit of i?
9
Let n be (-1 - -1)/(3 - 1). Suppose -7 = 2*b - 5*t, b - 5*t = -10*t + 19. Suppose -b*g + 4*d + 836 = -n*g, 0 = d + 1. What is the tens digit of g?
0
Let n(d) be the first derivative of 7*d**4/24 - 7*d**3/6 - 6*d**2 - 11. Let s(q) be the second derivative of n(q). What is the tens digit of s(9)?
5
Suppose 5*q - 285 = -4*q + 3*n, 0 = 2*q + 2*n - 66. What is the units digit of q?
2
Suppose 0 = 3*g - 9 - 0. What is the tens digit of g/((-19754)/(-68110) - 2/7)?
9
Suppose 26 = u + 8. What is the units digit of 11974/u - 19/(1368/16)?
5
Let y be (-16)/(-104) + 178/26. Suppose y + 8 = -5*q, 0 = w - q - 13. Suppose -2*f - w = -3*l, -f - 3*f - 4*l = -20. What is the units digit of f?
1
Let g be (-45)/(-6) - (-6)/12. Let x(i) = 11*i**2 - 10*i + 35. Let w be x(4). Suppose g*p = -p + w. What is the units digit of p?
9
Let d(y) = y**3 + 8*y**2 + 2*y - 14. Let a(b) = -3*b - 6. Let r be a(-10). Suppose r = -5*g + g. What is the tens digit of d(g)?
4
Suppose -5*l + 7*l = 2*r + 11506, -2*l = 4*r - 11530. What is the thousands digit of l?
5
Let p = 212 + -252. Let l = p + 81. What is the tens digit of l?
4
Let c = 9507 + -5683. What is the units digit of c?
4
Suppose -18 = 5*a - 8*a. What is the tens digit of 493 - (4 + (-2 - a))?
9
Let l(v) = -v**3 - 44*v**2 - 180*v - 76. What is the hundreds digit of l(-44)?
8
Suppose 11090 = b + 4*u, -31042 = -3*b - 3*u + 2255. What is the hundreds digit of b?
1
Suppose d = -5, -5*g + 106 = -2*g - 2*d. What is the hundreds digit of 15645/40 - 1 - 4/g?
3
Let t(b) = -b + 51. Let s(o) = o + 102. Let n(m) = -4*s(m) + 9*t(m). What is the units digit of n(-15)?
6
Let o = 401 + -397. What is the hundreds digit of 6712/28 - -4*o/56?
2
Suppose 0 = -47*r - 9*r + 121072. Suppose -3*s + 889 = -2*u - 2355, -2*s + 2*u + r = 0. What is the units digit of s?
2
Let c(n) be the second derivative of n**4/12 + 11*n**3/6 + 15*n**2 + 23*n. Let d be c(-11). Suppose 2*x - 12 = d. What is the tens digit of x?
2
Let y be (0 - 2/7) + 254/7. Let w be y*(-4 + (-51)/(-12)). Suppose -4*v + w*v = 145. What is the units digit of v?
9
Suppose 4*h + 112 = -148. Let k = h - 12. Let t = -28 - k. What is the tens digit of t?
4
Suppose 2*q = -5*t + 2972, -q + 1784 = -10*t + 13*t. Suppose -588*s - 9904 = -t*s. What is the thousands digit of s?
1
Let h(v) = -45343*v - 851. What is the tens digit of h(-1)?
9
Suppose 12 = -2*o, -41*h + 23382 = -39*h - 2*o. What is the units digit of h?
5
Let w be (-82)/4*-1*(-34)/1. Let a = -278 - w. What is the tens digit of a?
1
Let t = 48 - 38. Suppose 3*c - t*c = -2149. Suppose 5*z - c = 183. What is the units digit of z?
8
Suppose -4*k + 14 + 14 = 0. Let u be (-26)/(-7) - (-2)/k. Suppose 21 = u*z - 227. What is the tens digit of z?
6
Suppose 5*k - 2*p - 2*p - 22 = 0, -k + 17 = -5*p. Suppose -42*u + 43*u = k. Suppose 25 + 17 = u*s. What is the units digit of s?
1
Suppose 0 = -3650*y + 3645*y + 34875. What is the 